{"id":348,"date":"2024-10-20T13:11:00","date_gmt":"2024-10-20T12:11:00","guid":{"rendered":"https:\/\/arteneural.net\/?page_id=348"},"modified":"2025-01-27T19:43:09","modified_gmt":"2025-01-27T18:43:09","slug":"madresypadresreales","status":"publish","type":"page","link":"https:\/\/arteneura.dreamify.love\/blog\/madresypadresreales\/","title":{"rendered":"Recursos para madres y padres reales"},"content":{"rendered":"\n<blockquote class=\"wp-block-quote is-layout-flow wp-block-quote-is-layout-flow\">\n<p class=\"has-background\" style=\"background:linear-gradient(135deg,rgb(163,213,242) 0%,rgb(220,194,246) 100%)\">Taller enfocado en activar recursos que faciliten la gesti\u00f3n ardua de crianza y cuidados de hij@s peque\u00f1@s y adolescentes.<\/p>\n<\/blockquote>\n\n\n\n<div class=\"wp-block-group alignfull has-background has-global-padding is-layout-constrained wp-container-core-group-is-layout-6d82487b wp-block-group-is-layout-constrained\" style=\"border-style:none;border-width:0px;border-radius:74px;background-color:#c1fbb3;min-height:15vh;margin-top:0;margin-bottom:0;padding-top:var(--wp--preset--spacing--10);padding-right:0;padding-bottom:var(--wp--preset--spacing--10);padding-left:0\">\n<div class=\"wp-block-group has-global-padding is-layout-constrained wp-block-group-is-layout-constrained\">\n<figure class=\"wp-block-pullquote has-contrast-color has-text-color has-link-color has-large-font-size wp-elements-63085bee82e9744f604c365302a68e02\" style=\"border-style:none;border-width:0px;margin-right:0;margin-left:0;padding-right:0;padding-left:0\"><blockquote><p><em>1ER ENCUENTRO: <strong>UN GPS INTERNO AMABLE<\/strong> &#8211; TRANSFORMANDO MI CR\u00cdTIC@ INTERN@ EN LA CRIANZA Y CUIDADOS<\/em><\/p><\/blockquote><\/figure>\n\n\n\n<p class=\"has-text-align-left\" style=\"margin-right:0;margin-left:0\">Por m\u00e1s libros, cursos y charlas que hay para madres y padres, es la propia experiencia la que marca el rumbo y, a menudo, asumir esta responsabilidad sin \u00abclases pr\u00e1cticas\u00bb previamente puede resultar abrumadora. No venimos aprendid@s para lidiar con los cuidados a l@s hij@s y todo lo que eso moviliza internamente (expectativas no cumplidas, sobreesfuerzos, imprevistos, otros problemas en la vida) y l@s hij@s no traen manual de instrucciones. As\u00ed que los propios aciertos y errores ser\u00e1n la mejor gu\u00eda de por d\u00f3nde ir y por d\u00f3nde cambiar de rumbo.<\/p>\n\n\n\n<p>Un aspecto crucial que no siempre se nombra es: <strong>\u00bfy c\u00f3mo me trato yo en este proceso de aprendizaje? \u00bfC\u00f3mo me hablo a m\u00ed cuando no salen las cosas como querr\u00eda, cuando act\u00fao de una manera que no es la deseada?<\/strong> Porque aqu\u00ed hay dos partes que est\u00e1n en un proceso de aprendizaje a la vez: la mam\u00e1\/el pap\u00e1, que aprende a criar y cuidar, y l@s hij@s que descubren la vida misma. \u00bfMe permito errar? \u00bfMe permito aprender aceptando mis reacciones no deseables? \u00bfMe doy \u00e1nimos en los momentos dif\u00edciles o me trato con dureza como si tuviera que poder con todo? \u00bfPuedo apreciar los avances o solo tengo ojos para aquello donde \u00aba\u00fan no llegu\u00e9\u00bb?<\/p>\n\n\n\n<p style=\"margin-top:var(--wp--preset--spacing--10);margin-bottom:var(--wp--preset--spacing--10)\">Este taller est\u00e1 indicado especialmente a <strong>madres y padres <\/strong>(u otras figuras responsables de la crianza y cuidado) <strong>que a\u00fan no saben hablarse bien<\/strong>, que arrastran la verg\u00fcenza por comportamientos que han ejercido en momentos de crispaci\u00f3n, que se reprochan con dureza las ocasiones en que no han actuado como querr\u00edan, para cuidador@s que se exigen constantemente y no se dan descanso, transmitiendo una referencia de tensi\u00f3n donde no queda espacio al relax y disfrute para s\u00ed mism@, y por tanto para con l@s dem\u00e1s.<\/p>\n\n\n\n<p>Este taller va espec\u00edficamente encaminado a <strong>sintonizar con una voz interna m\u00e1s amable<\/strong>, que transmita aliento, consideraci\u00f3n, que sea realista, que pueda ver las luces y las sombras, porque siempre nos entra mejor un mensaje cuando se nos dice de buenas maneras, con firmeza y seriedad cuando se requiera, unidas a la calidez y comprensi\u00f3n.<\/p>\n\n\n\n<p>No se requiere ning\u00fan conocimiento previo, ni experiencia anterior en el \u00e1mbito terap\u00e9utico o de desarrollo personal\/espiritual.<\/p>\n\n\n\n<p><\/p>\n<\/div>\n\n\n\n<p><\/p>\n<\/div>\n\n\n\n<p><\/p>\n\n\n\n<div class=\"wp-block-group alignfull has-accent-5-background-color has-background has-global-padding is-layout-constrained wp-container-core-group-is-layout-d89aad35 wp-block-group-is-layout-constrained\" style=\"margin-top:0;margin-bottom:0;padding-top:var(--wp--preset--spacing--50);padding-right:var(--wp--preset--spacing--50);padding-bottom:var(--wp--preset--spacing--50);padding-left:var(--wp--preset--spacing--50)\">\n<div class=\"wp-block-columns alignwide is-layout-flex wp-container-core-columns-is-layout-1da03c2a wp-block-columns-is-layout-flex\">\n<div class=\"wp-block-column is-vertically-aligned-center is-layout-flow wp-block-column-is-layout-flow\" style=\"flex-basis:60%\">\n<figure class=\"wp-block-gallery has-nested-images columns-default is-cropped is-style-default wp-block-gallery-2 is-layout-flex wp-block-gallery-is-layout-flex\">\n<figure class=\"wp-block-image size-large\"><img loading=\"lazy\" decoding=\"async\" width=\"576\" height=\"1024\" data-id=\"456\" src=\"https:\/\/arteneura.dreamify.love\/blog\/wp-content\/uploads\/2025\/01\/crianza-real-GPS-amable-sin-fecha-1-576x1024.png\" alt=\"\" class=\"wp-image-456\" srcset=\"https:\/\/arteneura.dreamify.love\/blog\/wp-content\/uploads\/2025\/01\/crianza-real-GPS-amable-sin-fecha-1-576x1024.png 576w, https:\/\/arteneura.dreamify.love\/blog\/wp-content\/uploads\/2025\/01\/crianza-real-GPS-amable-sin-fecha-1-169x300.png 169w, https:\/\/arteneura.dreamify.love\/blog\/wp-content\/uploads\/2025\/01\/crianza-real-GPS-amable-sin-fecha-1-768x1365.png 768w, https:\/\/arteneura.dreamify.love\/blog\/wp-content\/uploads\/2025\/01\/crianza-real-GPS-amable-sin-fecha-1-864x1536.png 864w, https:\/\/arteneura.dreamify.love\/blog\/wp-content\/uploads\/2025\/01\/crianza-real-GPS-amable-sin-fecha-1-600x1067.png 600w, https:\/\/arteneura.dreamify.love\/blog\/wp-content\/uploads\/2025\/01\/crianza-real-GPS-amable-sin-fecha-1.png 1080w\" sizes=\"auto, (max-width: 576px) 100vw, 576px\" \/><\/figure>\n<\/figure>\n<\/div>\n\n\n\n<div class=\"wp-block-column is-layout-flow wp-block-column-is-layout-flow\" style=\"flex-basis:40%\">\n<h2 class=\"wp-block-heading\">\u00bfQU\u00c9 ME VOY A LLEVAR?<\/h2>\n\n\n\n<p><strong>Potenciar la capacidad de regularte:<\/strong> una pr\u00e1ctica para constatar, de manera sencilla, c\u00f3mo puedes afectar tu propio estado de \u00e1nimo, y llevarte a un mayor estado de relajaci\u00f3n cuando te sientas con m\u00e1s activaci\u00f3n interna de la que precisas en esa situaci\u00f3n.<\/p>\n\n\n\n<p><strong>Aligerar la voz cr\u00edtica:<\/strong> es la cuesti\u00f3n principal de este taller. Descargar la intensidad del juicio y reproche internos que surge cuando no act\u00faas como te hubiera gustado. Es fundamental aprender de la experiencia y reconocer qu\u00e9 puedes hacer diferente la siguiente ocasi\u00f3n, pero no a costa del propio maltrato y denigraci\u00f3n, no a costa de una mirada tan censuradora que lo que acaba generando es una percepci\u00f3n de incapacidad y desmerecimiento.<\/p>\n\n\n\n<p><strong>Incorporar una voz interna m\u00e1s amable:<\/strong> a veces no est\u00e1 tan a mano internamente la capacidad de hablarnos bien, especialmente en momentos donde hemos reaccionado de forma desbordada. En este taller conectaremos con dicha capacidad para as\u00ed poder disponer de ella cuando lo necesites.<\/p>\n\n\n\n<p><strong>Somos \u00fanic@s, no somos tan distint@s: <\/strong>la experiencia grupal permite descubrir que las cuestiones con las que lidias no son tan diferentes de las que otras personas pueden estar atravesando, y puede abrir la puerta a la aceptaci\u00f3n y aprecio propio. As\u00ed como descubrir c\u00f3mo otras personas te pueden aportar, de la misma manera que t\u00fa puedes aportar a l@s dem\u00e1s.<\/p>\n\n\n\n<p><strong>Desarrollo del autocuidado<\/strong>: ejercicios de escritura y respiraci\u00f3n, entre otras t\u00e9cnicas, para gestionar tus emociones sin necesidad de evitarlas o verte desbordad@ por las mismas.<\/p>\n<\/div>\n<\/div>\n<\/div>\n\n\n\n<div class=\"wp-block-cover alignfull wp-duotone-rgb4448102-ffb23d-3\" style=\"margin-top:0;padding-top:4vw;padding-right:4vw;padding-bottom:4vw;padding-left:4vw;min-height:50vh;aspect-ratio:unset;\"><span aria-hidden=\"true\" class=\"wp-block-cover__background has-background-dim-90 has-background-dim\" style=\"background-color:#2c3066\"><\/span><img decoding=\"async\" class=\"wp-block-cover__image-background wp-image-334\" alt=\"\" src=\"https:\/\/pd.w.org\/2022\/01\/2661f82cd1ba9172.16386413.jpg\" data-object-fit=\"cover\"\/><div class=\"wp-block-cover__inner-container is-layout-flow wp-block-cover-is-layout-flow\">\n<div class=\"wp-block-group is-layout-flow wp-container-core-group-is-layout-d6743c7d wp-block-group-is-layout-flow\">\n<p class=\"has-text-align-center has-text-color\" style=\"color:#ffb23d;font-size:clamp(25.014px, 1.563rem + ((1vw - 3.2px) * 1.769), 42px);font-style:normal;font-weight:700;letter-spacing:-2px;line-height:0.9;text-transform:uppercase\">DATOS DE INTER\u00c9S<\/p>\n\n\n\n<p class=\"has-text-color has-link-color wp-elements-72d02f32ef80d7f60d19175bbbd7fcbe\" style=\"color:#4d1fea\">.<\/p>\n\n\n\n<p><\/p>\n\n\n\n<p class=\"has-text-align-left\" style=\"margin-right:var(--wp--preset--spacing--20);margin-left:var(--wp--preset--spacing--20)\"><strong>Fecha:<\/strong> s\u00e1bado, 8 de febrero de 2025.<\/p>\n\n\n\n<p class=\"has-text-align-left\" style=\"margin-right:var(--wp--preset--spacing--20);margin-left:var(--wp--preset--spacing--20)\"><strong>Lugar: <\/strong>sala ubicada en Ronda de Buenavista 31, Toledo.<\/p>\n\n\n\n<p style=\"margin-right:var(--wp--preset--spacing--20);margin-left:var(--wp--preset--spacing--20)\"><strong>Horario:<\/strong> de 9:45 a 13:45h (descanso de 30 minutos entre medias).<\/p>\n\n\n\n<p style=\"margin-right:var(--wp--preset--spacing--20);margin-left:var(--wp--preset--spacing--20)\"><strong>Precio:<\/strong> 28 euros.<\/p>\n\n\n\n<p style=\"margin-right:var(--wp--preset--spacing--20);margin-left:var(--wp--preset--spacing--20)\"><strong>Plazas: <\/strong>de 6 a 16 personas.<\/p>\n\n\n\n<p style=\"margin-right:var(--wp--preset--spacing--20);margin-left:var(--wp--preset--spacing--20)\"><strong>Fecha tope de inscripci\u00f3n:<\/strong> 6 de febrero de 2025.<\/p>\n\n\n\n<p class=\"has-base-2-color has-text-color has-link-color wp-elements-2e99a0536c786f8bf099f1cf162e7b1b\" style=\"margin-right:var(--wp--preset--spacing--20);margin-left:var(--wp--preset--spacing--20)\">I<strong>mparte:<\/strong> N\u00e9burk, me puedes llamar tambi\u00e9n Manuel, psic\u00f3logo terapeuta EMDR, Wingwave y Gestalt (<strong><em><a href=\"https:\/\/arteneura.dreamify.love\/blog\/quien-soy\/\">haz click aqu\u00ed para m\u00e1s informaci\u00f3n<\/a>).<\/em><\/strong><\/p>\n\n\n\n<p style=\"margin-right:var(--wp--preset--spacing--20);margin-left:var(--wp--preset--spacing--20)\"><strong>T\u00e9cnicas:<\/strong> escritura expresiva, respiraci\u00f3n consciente y herramientas de Wingwave\/EMDR.<\/p>\n<\/div>\n<\/div><\/div>\n\n\n\n<div class=\"wp-block-group alignfull has-text-color has-background is-layout-flow wp-block-group-is-layout-flow\" style=\"color:#000000;background-color:#ffffff\">\n<div style=\"height:64px\" aria-hidden=\"true\" class=\"wp-block-spacer\"><\/div>\n\n\n\n<p class=\"has-text-align-center has-small-font-size\" style=\"line-height:.9\"><strong>Solicita informaci\u00f3n o inscr\u00edbete a trav\u00e9s del tel\u00e9fono (llamada o whatsapp) o rellenando el formulario del enlace inferior<\/strong><\/p>\n\n\n\n<h2 class=\"wp-block-heading has-text-align-center\" id=\"schedule-a-visit\" style=\"font-size:clamp(32.969px, 2.061rem + ((1vw - 3.2px) * 2.712), 59px);px;line-height:1.15\"><strong>669.038.740<\/strong><\/h2>\n\n\n\n<div class=\"wp-block-buttons is-horizontal is-content-justification-center is-layout-flex wp-container-core-buttons-is-layout-03627597 wp-block-buttons-is-layout-flex\">\n<div class=\"wp-block-button has-custom-width wp-block-button__width-50\"><a class=\"wp-block-button__link has-text-color has-background wp-element-button\" href=\"https:\/\/arteneura.dreamify.love\/blog\/formulario-para-taller-recursos-para-madres-y-padres-reales\/\" style=\"border-radius:50px;color:#ffffff;background-color:#000000\">Si lo prefieres, rellena este formulario de contacto\/inscripci\u00f3n<\/a><\/div>\n<\/div>\n<\/div>\n\n\n\n<p><\/p>\n","protected":false},"excerpt":{"rendered":"<p>Taller enfocado en activar recursos que faciliten la gesti\u00f3n ardua de crianza y cuidados de hij@s peque\u00f1@s y adolescentes. 1ER ENCUENTRO: UN GPS INTERNO AMABLE &#8211; TRANSFORMANDO MI CR\u00cdTIC@ INTERN@ EN LA CRIANZA Y CUIDADOS Por m\u00e1s libros, cursos y charlas que hay para madres y padres, es la propia experiencia la que marca el [&hellip;]<\/p>\n","protected":false},"author":1,"featured_media":0,"parent":0,"menu_order":0,"comment_status":"closed","ping_status":"closed","template":"","meta":{"_monsterinsights_skip_tracking":false,"_monsterinsights_sitenote_active":false,"_monsterinsights_sitenote_note":"","_monsterinsights_sitenote_category":0,"_uf_show_specific_survey":0,"_uf_disable_surveys":false,"footnotes":""},"categories":[],"tags":[],"class_list":["post-348","page","type-page","status-publish","hentry"],"_links":{"self":[{"href":"https:\/\/arteneura.dreamify.love\/blog\/wp-json\/wp\/v2\/pages\/348","targetHints":{"allow":["GET"]}}],"collection":[{"href":"https:\/\/arteneura.dreamify.love\/blog\/wp-json\/wp\/v2\/pages"}],"about":[{"href":"https:\/\/arteneura.dreamify.love\/blog\/wp-json\/wp\/v2\/types\/page"}],"author":[{"embeddable":true,"href":"https:\/\/arteneura.dreamify.love\/blog\/wp-json\/wp\/v2\/users\/1"}],"replies":[{"embeddable":true,"href":"https:\/\/arteneura.dreamify.love\/blog\/wp-json\/wp\/v2\/comments?post=348"}],"version-history":[{"count":33,"href":"https:\/\/arteneura.dreamify.love\/blog\/wp-json\/wp\/v2\/pages\/348\/revisions"}],"predecessor-version":[{"id":503,"href":"https:\/\/arteneura.dreamify.love\/blog\/wp-json\/wp\/v2\/pages\/348\/revisions\/503"}],"wp:attachment":[{"href":"https:\/\/arteneura.dreamify.love\/blog\/wp-json\/wp\/v2\/media?parent=348"}],"wp:term":[{"taxonomy":"category","embeddable":true,"href":"https:\/\/arteneura.dreamify.love\/blog\/wp-json\/wp\/v2\/categories?post=348"},{"taxonomy":"post_tag","embeddable":true,"href":"https:\/\/arteneura.dreamify.love\/blog\/wp-json\/wp\/v2\/tags?post=348"}],"curies":[{"name":"wp","href":"https:\/\/api.w.org\/{rel}","templated":true}]}}

<blockquote class="wp-block-quote is-layout-flow wp-block-quote-is-layout-flow">
<p class="has-background" style="background:linear-gradient(135deg,rgb(163,213,242) 0%,rgb(220,194,246) 100%)">Taller enfocado en activar recursos que faciliten la gestión ardua de crianza y cuidados de hij@s pequeñ@s y adolescentes.</p>
</blockquote>



<div class="wp-block-group alignfull has-background has-global-padding is-layout-constrained wp-container-core-group-is-layout-6d82487b wp-block-group-is-layout-constrained" style="border-style:none;border-width:0px;border-radius:74px;background-color:#c1fbb3;min-height:15vh;margin-top:0;margin-bottom:0;padding-top:var(--wp--preset--spacing--10);padding-right:0;padding-bottom:var(--wp--preset--spacing--10);padding-left:0">
<div class="wp-block-group has-global-padding is-layout-constrained wp-block-group-is-layout-constrained">
<figure class="wp-block-pullquote has-contrast-color has-text-color has-link-color has-large-font-size wp-elements-63085bee82e9744f604c365302a68e02" style="border-style:none;border-width:0px;margin-right:0;margin-left:0;padding-right:0;padding-left:0"><blockquote><p><em>1ER ENCUENTRO: <strong>UN GPS INTERNO AMABLE</strong> &#8211; TRANSFORMANDO MI CRÍTIC@ INTERN@ EN LA CRIANZA Y CUIDADOS</em></p></blockquote></figure>



<p class="has-text-align-left" style="margin-right:0;margin-left:0">Por más libros, cursos y charlas que hay para madres y padres, es la propia experiencia la que marca el rumbo y, a menudo, asumir esta responsabilidad sin «clases prácticas» previamente puede resultar abrumadora. No venimos aprendid@s para lidiar con los cuidados a l@s hij@s y todo lo que eso moviliza internamente (expectativas no cumplidas, sobreesfuerzos, imprevistos, otros problemas en la vida) y l@s hij@s no traen manual de instrucciones. Así que los propios aciertos y errores serán la mejor guía de por dónde ir y por dónde cambiar de rumbo.</p>



<p>Un aspecto crucial que no siempre se nombra es: <strong>¿y cómo me trato yo en este proceso de aprendizaje? ¿Cómo me hablo a mí cuando no salen las cosas como querría, cuando actúo de una manera que no es la deseada?</strong> Porque aquí hay dos partes que están en un proceso de aprendizaje a la vez: la mamá/el papá, que aprende a criar y cuidar, y l@s hij@s que descubren la vida misma. ¿Me permito errar? ¿Me permito aprender aceptando mis reacciones no deseables? ¿Me doy ánimos en los momentos difíciles o me trato con dureza como si tuviera que poder con todo? ¿Puedo apreciar los avances o solo tengo ojos para aquello donde «aún no llegué»?</p>



<p style="margin-top:var(--wp--preset--spacing--10);margin-bottom:var(--wp--preset--spacing--10)">Este taller está indicado especialmente a <strong>madres y padres </strong>(u otras figuras responsables de la crianza y cuidado) <strong>que aún no saben hablarse bien</strong>, que arrastran la vergüenza por comportamientos que han ejercido en momentos de crispación, que se reprochan con dureza las ocasiones en que no han actuado como querrían, para cuidador@s que se exigen constantemente y no se dan descanso, transmitiendo una referencia de tensión donde no queda espacio al relax y disfrute para sí mism@, y por tanto para con l@s demás.</p>



<p>Este taller va específicamente encaminado a <strong>sintonizar con una voz interna más amable</strong>, que transmita aliento, consideración, que sea realista, que pueda ver las luces y las sombras, porque siempre nos entra mejor un mensaje cuando se nos dice de buenas maneras, con firmeza y seriedad cuando se requiera, unidas a la calidez y comprensión.</p>



<p>No se requiere ningún conocimiento previo, ni experiencia anterior en el ámbito terapéutico o de desarrollo personal/espiritual.</p>



<p></p>
</div>



<p></p>
</div>



<p></p>



<div class="wp-block-group alignfull has-accent-5-background-color has-background has-global-padding is-layout-constrained wp-container-core-group-is-layout-d89aad35 wp-block-group-is-layout-constrained" style="margin-top:0;margin-bottom:0;padding-top:var(--wp--preset--spacing--50);padding-right:var(--wp--preset--spacing--50);padding-bottom:var(--wp--preset--spacing--50);padding-left:var(--wp--preset--spacing--50)">
<div class="wp-block-columns alignwide is-layout-flex wp-container-core-columns-is-layout-1da03c2a wp-block-columns-is-layout-flex">
<div class="wp-block-column is-vertically-aligned-center is-layout-flow wp-block-column-is-layout-flow" style="flex-basis:60%">
<figure class="wp-block-gallery has-nested-images columns-default is-cropped is-style-default wp-block-gallery-2 is-layout-flex wp-block-gallery-is-layout-flex">
<figure class="wp-block-image size-large"><img loading="lazy" decoding="async" width="576" height="1024" data-id="456" src="https://arteneura.dreamify.love/blog/wp-content/uploads/2025/01/crianza-real-GPS-amable-sin-fecha-1-576x1024.png" alt="" class="wp-image-456" srcset="https://arteneura.dreamify.love/blog/wp-content/uploads/2025/01/crianza-real-GPS-amable-sin-fecha-1-576x1024.png 576w, https://arteneura.dreamify.love/blog/wp-content/uploads/2025/01/crianza-real-GPS-amable-sin-fecha-1-169x300.png 169w, https://arteneura.dreamify.love/blog/wp-content/uploads/2025/01/crianza-real-GPS-amable-sin-fecha-1-768x1365.png 768w, https://arteneura.dreamify.love/blog/wp-content/uploads/2025/01/crianza-real-GPS-amable-sin-fecha-1-864x1536.png 864w, https://arteneura.dreamify.love/blog/wp-content/uploads/2025/01/crianza-real-GPS-amable-sin-fecha-1-600x1067.png 600w, https://arteneura.dreamify.love/blog/wp-content/uploads/2025/01/crianza-real-GPS-amable-sin-fecha-1.png 1080w" sizes="auto, (max-width: 576px) 100vw, 576px" /></figure>
</figure>
</div>



<div class="wp-block-column is-layout-flow wp-block-column-is-layout-flow" style="flex-basis:40%">
<h2 class="wp-block-heading">¿QUÉ ME VOY A LLEVAR?</h2>



<p><strong>Potenciar la capacidad de regularte:</strong> una práctica para constatar, de manera sencilla, cómo puedes afectar tu propio estado de ánimo, y llevarte a un mayor estado de relajación cuando te sientas con más activación interna de la que precisas en esa situación.</p>



<p><strong>Aligerar la voz crítica:</strong> es la cuestión principal de este taller. Descargar la intensidad del juicio y reproche internos que surge cuando no actúas como te hubiera gustado. Es fundamental aprender de la experiencia y reconocer qué puedes hacer diferente la siguiente ocasión, pero no a costa del propio maltrato y denigración, no a costa de una mirada tan censuradora que lo que acaba generando es una percepción de incapacidad y desmerecimiento.</p>



<p><strong>Incorporar una voz interna más amable:</strong> a veces no está tan a mano internamente la capacidad de hablarnos bien, especialmente en momentos donde hemos reaccionado de forma desbordada. En este taller conectaremos con dicha capacidad para así poder disponer de ella cuando lo necesites.</p>



<p><strong>Somos únic@s, no somos tan distint@s: </strong>la experiencia grupal permite descubrir que las cuestiones con las que lidias no son tan diferentes de las que otras personas pueden estar atravesando, y puede abrir la puerta a la aceptación y aprecio propio. Así como descubrir cómo otras personas te pueden aportar, de la misma manera que tú puedes aportar a l@s demás.</p>



<p><strong>Desarrollo del autocuidado</strong>: ejercicios de escritura y respiración, entre otras técnicas, para gestionar tus emociones sin necesidad de evitarlas o verte desbordad@ por las mismas.</p>
</div>
</div>
</div>



<div class="wp-block-cover alignfull wp-duotone-rgb4448102-ffb23d-3" style="margin-top:0;padding-top:4vw;padding-right:4vw;padding-bottom:4vw;padding-left:4vw;min-height:50vh;aspect-ratio:unset;"><span aria-hidden="true" class="wp-block-cover__background has-background-dim-90 has-background-dim" style="background-color:#2c3066"></span><img decoding="async" class="wp-block-cover__image-background wp-image-334" alt="" src="https://pd.w.org/2022/01/2661f82cd1ba9172.16386413.jpg" data-object-fit="cover"/><div class="wp-block-cover__inner-container is-layout-flow wp-block-cover-is-layout-flow">
<div class="wp-block-group is-layout-flow wp-container-core-group-is-layout-d6743c7d wp-block-group-is-layout-flow">
<p class="has-text-align-center has-text-color" style="color:#ffb23d;font-size:clamp(25.014px, 1.563rem + ((1vw - 3.2px) * 1.769), 42px);font-style:normal;font-weight:700;letter-spacing:-2px;line-height:0.9;text-transform:uppercase">DATOS DE INTERÉS</p>



<p class="has-text-color has-link-color wp-elements-72d02f32ef80d7f60d19175bbbd7fcbe" style="color:#4d1fea">.</p>



<p></p>



<p class="has-text-align-left" style="margin-right:var(--wp--preset--spacing--20);margin-left:var(--wp--preset--spacing--20)"><strong>Fecha:</strong> sábado, 8 de febrero de 2025.</p>



<p class="has-text-align-left" style="margin-right:var(--wp--preset--spacing--20);margin-left:var(--wp--preset--spacing--20)"><strong>Lugar: </strong>sala ubicada en Ronda de Buenavista 31, Toledo.</p>



<p style="margin-right:var(--wp--preset--spacing--20);margin-left:var(--wp--preset--spacing--20)"><strong>Horario:</strong> de 9:45 a 13:45h (descanso de 30 minutos entre medias).</p>



<p style="margin-right:var(--wp--preset--spacing--20);margin-left:var(--wp--preset--spacing--20)"><strong>Precio:</strong> 28 euros.</p>



<p style="margin-right:var(--wp--preset--spacing--20);margin-left:var(--wp--preset--spacing--20)"><strong>Plazas: </strong>de 6 a 16 personas.</p>



<p style="margin-right:var(--wp--preset--spacing--20);margin-left:var(--wp--preset--spacing--20)"><strong>Fecha tope de inscripción:</strong> 6 de febrero de 2025.</p>



<p class="has-base-2-color has-text-color has-link-color wp-elements-2e99a0536c786f8bf099f1cf162e7b1b" style="margin-right:var(--wp--preset--spacing--20);margin-left:var(--wp--preset--spacing--20)">I<strong>mparte:</strong> Néburk, me puedes llamar también Manuel, psicólogo terapeuta EMDR, Wingwave y Gestalt (<strong><em><a href="https://arteneura.dreamify.love/blog/quien-soy/">haz click aquí para más información</a>).</em></strong></p>



<p style="margin-right:var(--wp--preset--spacing--20);margin-left:var(--wp--preset--spacing--20)"><strong>Técnicas:</strong> escritura expresiva, respiración consciente y herramientas de Wingwave/EMDR.</p>
</div>
</div></div>



<div class="wp-block-group alignfull has-text-color has-background is-layout-flow wp-block-group-is-layout-flow" style="color:#000000;background-color:#ffffff">
<div style="height:64px" aria-hidden="true" class="wp-block-spacer"></div>



<p class="has-text-align-center has-small-font-size" style="line-height:.9"><strong>Solicita información o inscríbete a través del teléfono (llamada o whatsapp) o rellenando el formulario del enlace inferior</strong></p>



<h2 class="wp-block-heading has-text-align-center" id="schedule-a-visit" style="font-size:clamp(32.969px, 2.061rem + ((1vw - 3.2px) * 2.712), 59px);px;line-height:1.15"><strong>669.038.740</strong></h2>



<div class="wp-block-buttons is-horizontal is-content-justification-center is-layout-flex wp-container-core-buttons-is-layout-03627597 wp-block-buttons-is-layout-flex">
<div class="wp-block-button has-custom-width wp-block-button__width-50"><a class="wp-block-button__link has-text-color has-background wp-element-button" href="https://arteneura.dreamify.love/blog/formulario-para-taller-recursos-para-madres-y-padres-reales/" style="border-radius:50px;color:#ffffff;background-color:#000000">Si lo prefieres, rellena este formulario de contacto/inscripción</a></div>
</div>
</div>



<p></p>

<p>Taller enfocado en activar recursos que faciliten la gestión ardua de crianza y cuidados de hij@s pequeñ@s y adolescentes. 1ER ENCUENTRO: UN GPS INTERNO AMABLE &#8211; TRANSFORMANDO MI CRÍTIC@ INTERN@ EN LA CRIANZA Y CUIDADOS Por más libros, cursos y charlas que hay para madres y padres, es la propia experiencia la que marca el [&hellip;]</p>
