{"id":362,"date":"2024-11-09T21:05:03","date_gmt":"2024-11-09T20:05:03","guid":{"rendered":"https:\/\/arteneural.net\/?page_id=362"},"modified":"2025-03-19T09:20:03","modified_gmt":"2025-03-19T08:20:03","slug":"inicio","status":"publish","type":"page","link":"https:\/\/arteneura.dreamify.love\/blog\/","title":{"rendered":"Tu propia expansi\u00f3n empieza desde dentro"},"content":{"rendered":"\n<div class=\"wp-block-group alignfull has-base-2-background-color has-background is-nowrap is-layout-flex wp-container-core-group-is-layout-560e8266 wp-block-group-is-layout-flex\" style=\"margin-top:0;margin-bottom:0;padding-top:var(--wp--preset--spacing--50);padding-right:var(--wp--preset--spacing--50);padding-bottom:var(--wp--preset--spacing--50);padding-left:var(--wp--preset--spacing--50)\">\n<div class=\"wp-block-group has-global-padding is-layout-constrained wp-container-core-group-is-layout-e555385e wp-block-group-is-layout-constrained\">\n<h1 class=\"wp-block-heading has-text-align-left has-x-large-font-size\">Transf\u00f3rmate.<\/h1>\n\n\n\n<h1 class=\"wp-block-heading has-text-align-left has-x-large-font-size\">\u00c1brete a tu Metamorfosis.<\/h1>\n\n\n\n<div style=\"height:1.25rem;width:0px\" aria-hidden=\"true\" class=\"wp-block-spacer\"><\/div>\n\n\n\n<p class=\"has-text-align-left has-small-font-size\">Bienvenid@ a ti mism@. No necesitas nada porque todo ya es en ti. Ahora, si puede venirte bien una mano para darte cuenta de ello, cuenta conmigo.<\/p>\n\n\n\n<div style=\"height:1.25rem;width:0px\" aria-hidden=\"true\" class=\"wp-block-spacer\"><\/div>\n\n\n\n<div class=\"wp-block-buttons is-content-justification-center is-layout-flex wp-container-core-buttons-is-layout-a89b3969 wp-block-buttons-is-layout-flex\">\n<div class=\"wp-block-button has-custom-width wp-block-button__width-50 is-style-outline is-style-outline--1\"><a class=\"wp-block-button__link has-base-2-color has-text-color has-background has-link-color wp-element-button\" href=\"https:\/\/arteneura.dreamify.love\/blog\/activatuspropiosrecursos\/\" style=\"background:linear-gradient(0deg,rgb(255,113,0) 0%,rgb(255,113,0) 60%,rgb(255,207,164) 100%)\">El\u00edgete<\/a><\/div>\n<\/div>\n<\/div>\n\n\n\n<figure class=\"wp-block-video\"><video height=\"1080\" style=\"aspect-ratio: 1080 \/ 1080;\" width=\"1080\" autoplay preload=\"auto\" src=\"https:\/\/arteneura.dreamify.love\/blog\/wp-content\/uploads\/2024\/11\/metamorfosis-video.mp4\" playsinline><\/video><\/figure>\n\n\n\n<div style=\"height:0px;width:0px\" aria-hidden=\"true\" class=\"wp-block-spacer wp-container-content-9760934e\"><\/div>\n<\/div>\n\n\n\n<div class=\"wp-block-cover alignfull\" style=\"padding-top:0;padding-bottom:0;min-height:100vh;aspect-ratio:unset;\"><span aria-hidden=\"true\" class=\"wp-block-cover__background has-background-dim-30 has-background-dim\" style=\"background-color:#684c59\"><\/span><img loading=\"lazy\" decoding=\"async\" width=\"3508\" height=\"2480\" class=\"wp-block-cover__image-background wp-image-248\" alt=\"\" src=\"https:\/\/arteneura.dreamify.love\/blog\/wp-content\/uploads\/2024\/09\/Sin-titulo-5.png\" style=\"object-position:51% 53%\" data-object-fit=\"cover\" data-object-position=\"51% 53%\" srcset=\"https:\/\/arteneura.dreamify.love\/blog\/wp-content\/uploads\/2024\/09\/Sin-titulo-5.png 3508w, https:\/\/arteneura.dreamify.love\/blog\/wp-content\/uploads\/2024\/09\/Sin-titulo-5-300x212.png 300w, https:\/\/arteneura.dreamify.love\/blog\/wp-content\/uploads\/2024\/09\/Sin-titulo-5-1024x724.png 1024w, https:\/\/arteneura.dreamify.love\/blog\/wp-content\/uploads\/2024\/09\/Sin-titulo-5-768x543.png 768w, https:\/\/arteneura.dreamify.love\/blog\/wp-content\/uploads\/2024\/09\/Sin-titulo-5-1536x1086.png 1536w, https:\/\/arteneura.dreamify.love\/blog\/wp-content\/uploads\/2024\/09\/Sin-titulo-5-2048x1448.png 2048w, https:\/\/arteneura.dreamify.love\/blog\/wp-content\/uploads\/2024\/09\/Sin-titulo-5-600x424.png 600w\" sizes=\"auto, (max-width: 3508px) 100vw, 3508px\" \/><div class=\"wp-block-cover__inner-container has-global-padding is-layout-constrained wp-container-core-cover-is-layout-95730b41 wp-block-cover-is-layout-constrained\">\n<div style=\"height:58px\" aria-hidden=\"true\" class=\"wp-block-spacer\"><\/div>\n\n\n\n<p class=\"has-text-align-center has-large-font-size\"><em>La expansi\u00f3n de tu Sistema Nervioso<\/em><\/p>\n\n\n\n<blockquote class=\"wp-block-quote is-style-plain has-xx-large-font-size is-layout-flow wp-block-quote-is-layout-flow is-style-plain--2\">\n<p class=\"has-text-align-center has-xx-large-font-size\" style=\"margin-top:0;margin-bottom:0\"><strong>ENCIENDE<\/strong><\/p>\n\n\n\n<p class=\"has-text-align-center has-xx-large-font-size\" style=\"margin-top:0;margin-bottom:0\"><strong>TUS NEURONAS<\/strong><\/p>\n<\/blockquote>\n\n\n\n<p class=\"has-text-align-center has-large-font-size\"><em>y despliega la Potencialidad en tu Vida.<\/em><\/p>\n\n\n\n<div style=\"height:21px\" aria-hidden=\"true\" class=\"wp-block-spacer\"><\/div>\n\n\n\n<div class=\"wp-block-buttons alignwide is-content-justification-center is-layout-flex wp-container-core-buttons-is-layout-a89b3969 wp-block-buttons-is-layout-flex\">\n<div class=\"wp-block-button is-style-outline has-body-font-family is-style-outline--3\"><a class=\"wp-block-button__link has-base-2-background-color has-text-color has-background has-link-color has-text-align-center wp-element-button\" href=\"https:\/\/arteneura.dreamify.love\/blog\/efectivo\/\" style=\"border-width:1px;border-radius:24px;color:#e64788\">experiencia EFECTIVO<\/a><\/div>\n<\/div>\n\n\n\n<hr class=\"wp-block-separator has-text-color has-base-2-color has-alpha-channel-opacity has-base-2-background-color has-background is-style-default\" style=\"margin-top:var(--wp--preset--spacing--40);margin-bottom:var(--wp--preset--spacing--40)\"\/>\n\n\n\n<p class=\"has-text-align-center has-body-font-family has-x-large-font-size\"><strong>\u00bfQUI\u00c9N SOY?<\/strong><\/p>\n\n\n\n<div style=\"height:15px\" aria-hidden=\"true\" class=\"wp-block-spacer\"><\/div>\n\n\n\n<div class=\"wp-block-buttons is-content-justification-center is-layout-flex wp-container-core-buttons-is-layout-5b5683f2 wp-block-buttons-is-layout-flex\">\n<div class=\"wp-block-button has-custom-width wp-block-button__width-50 is-style-outline is-style-outline--4\"><a class=\"wp-block-button__link has-text-color has-background has-link-color has-text-align-center wp-element-button\" href=\"https:\/\/arteneura.dreamify.love\/blog\/quien-soy\/\" style=\"border-width:1px;border-radius:98px;color:#ea1b9a;background-color:#f2f2f2\"><strong>Con\u00f3ceme<\/strong><\/a><\/div>\n<\/div>\n\n\n\n<div style=\"height:58px\" aria-hidden=\"true\" class=\"wp-block-spacer\"><\/div>\n<\/div><\/div>\n\n\n\n<div class=\"wp-block-cover alignfull is-light wp-duotone-unset-5\" style=\"padding-top:0;padding-bottom:0;min-height:100vh;aspect-ratio:unset;\"><span aria-hidden=\"true\" class=\"wp-block-cover__background has-background-dim-0 has-background-dim\" style=\"background-color:#684c59\"><\/span><img loading=\"lazy\" decoding=\"async\" width=\"1080\" height=\"1080\" class=\"wp-block-cover__image-background wp-image-682\" alt=\"\" src=\"https:\/\/arteneura.dreamify.love\/blog\/wp-content\/uploads\/2025\/03\/blanco.png\" data-object-fit=\"cover\" srcset=\"https:\/\/arteneura.dreamify.love\/blog\/wp-content\/uploads\/2025\/03\/blanco.png 1080w, https:\/\/arteneura.dreamify.love\/blog\/wp-content\/uploads\/2025\/03\/blanco-300x300.png 300w, https:\/\/arteneura.dreamify.love\/blog\/wp-content\/uploads\/2025\/03\/blanco-1024x1024.png 1024w, https:\/\/arteneura.dreamify.love\/blog\/wp-content\/uploads\/2025\/03\/blanco-150x150.png 150w, https:\/\/arteneura.dreamify.love\/blog\/wp-content\/uploads\/2025\/03\/blanco-768x768.png 768w\" sizes=\"auto, (max-width: 1080px) 100vw, 1080px\" \/><div class=\"wp-block-cover__inner-container is-layout-flow wp-container-core-cover-is-layout-f3c7fa73 wp-block-cover-is-layout-flow\">\n<div style=\"height:58px\" aria-hidden=\"true\" class=\"wp-block-spacer\"><\/div>\n\n\n\n<div class=\"wp-block-columns is-layout-flex wp-container-core-columns-is-layout-20a2107d wp-block-columns-is-layout-flex\" style=\"border-style:none;border-width:0px;padding-right:var(--wp--preset--spacing--20);padding-left:var(--wp--preset--spacing--20)\">\n<div class=\"wp-block-column is-layout-flow wp-block-column-is-layout-flow\" style=\"padding-right:var(--wp--preset--spacing--20);padding-left:var(--wp--preset--spacing--20);flex-basis:50%\">\n<div style=\"height:29px\" aria-hidden=\"true\" class=\"wp-block-spacer\"><\/div>\n\n\n\n<div class=\"wp-block-group is-content-justification-center is-nowrap is-layout-flex wp-container-core-group-is-layout-cfa07b23 wp-block-group-is-layout-flex\" style=\"padding-right:var(--wp--preset--spacing--10);padding-left:var(--wp--preset--spacing--10)\">\n<div class=\"wp-block-columns is-layout-flex wp-container-core-columns-is-layout-28f84493 wp-block-columns-is-layout-flex\">\n<div class=\"wp-block-column is-layout-flow wp-block-column-is-layout-flow\" style=\"flex-basis:100%\"><\/div>\n<\/div>\n\n\n\n<figure class=\"wp-block-image size-large is-resized\"><a href=\"https:\/\/arteneura.dreamify.love\/blog\/okdulces\/\"><img loading=\"lazy\" decoding=\"async\" width=\"768\" height=\"1024\" src=\"https:\/\/arteneura.dreamify.love\/blog\/wp-content\/uploads\/2025\/03\/Dulces-y-salados-tb-sin-fecha-edited-768x1024.png\" alt=\"\" class=\"wp-image-659\" style=\"width:413px;height:auto\" srcset=\"https:\/\/arteneura.dreamify.love\/blog\/wp-content\/uploads\/2025\/03\/Dulces-y-salados-tb-sin-fecha-edited-768x1024.png 768w, https:\/\/arteneura.dreamify.love\/blog\/wp-content\/uploads\/2025\/03\/Dulces-y-salados-tb-sin-fecha-edited-225x300.png 225w, https:\/\/arteneura.dreamify.love\/blog\/wp-content\/uploads\/2025\/03\/Dulces-y-salados-tb-sin-fecha-edited.png 1080w\" sizes=\"auto, (max-width: 768px) 100vw, 768px\" \/><\/a><\/figure>\n<\/div>\n\n\n\n<div style=\"height:23px\" aria-hidden=\"true\" class=\"wp-block-spacer\"><\/div>\n\n\n\n<p class=\"has-text-align-center has-border-color has-contrast-border-color has-base-2-background-color has-background has-system-sans-serif-font-family\" style=\"border-width:2px;padding-top:var(--wp--preset--spacing--10);padding-right:var(--wp--preset--spacing--10);padding-bottom:var(--wp--preset--spacing--10);padding-left:var(--wp--preset--spacing--10);font-style:normal;font-weight:300\"><strong>La neurociencia al servicio de llevarte mejor con esos productos o alimentos que te gustan. S\u00ed, te seguir\u00e1n gustando, pero sin amargarte \ud83d\ude42<\/strong><\/p>\n\n\n\n<div style=\"height:21px\" aria-hidden=\"true\" class=\"wp-block-spacer\"><\/div>\n\n\n\n<div class=\"wp-block-buttons is-content-justification-center is-layout-flex wp-container-core-buttons-is-layout-a89b3969 wp-block-buttons-is-layout-flex\">\n<div class=\"wp-block-button\" style=\"font-style:normal;font-weight:900\"><a class=\"wp-block-button__link has-text-color has-background has-link-color wp-element-button\" href=\"https:\/\/arteneura.dreamify.love\/blog\/okdulces\/\" style=\"color:#feee75;background-color:#2e8ce3\">ACCEDE A LA P\u00c1GINA DEL TALLER<\/a><\/div>\n<\/div>\n\n\n\n<div style=\"height:21px\" aria-hidden=\"true\" class=\"wp-block-spacer\"><\/div>\n<\/div>\n\n\n\n<div class=\"wp-block-column is-layout-flow wp-container-core-column-is-layout-7c6f89b2 wp-block-column-is-layout-flow\" style=\"border-width:1px;border-radius:20px;padding-right:var(--wp--preset--spacing--20);padding-left:var(--wp--preset--spacing--20);flex-basis:50%\"><style id=\"wpforms-css-vars-683-block-e6b996fc-b757-4773-b921-0f2ea9772ba0\">\n\t\t\t\t#wpforms-683.wpforms-block-e6b996fc-b757-4773-b921-0f2ea9772ba0 {\n\t\t\t\t--wpforms-button-border-style: dotted;\n--wpforms-field-size-input-height: 43px;\n--wpforms-field-size-input-spacing: 15px;\n--wpforms-field-size-font-size: 16px;\n--wpforms-field-size-line-height: 19px;\n--wpforms-field-size-padding-h: 14px;\n--wpforms-field-size-checkbox-size: 16px;\n--wpforms-field-size-sublabel-spacing: 5px;\n--wpforms-field-size-icon-size: 1;\n--wpforms-label-size-font-size: 16px;\n--wpforms-label-size-line-height: 19px;\n--wpforms-label-size-sublabel-font-size: 14px;\n--wpforms-label-size-sublabel-line-height: 17px;\n--wpforms-button-size-font-size: 17px;\n--wpforms-button-size-height: 41px;\n--wpforms-button-size-padding-h: 15px;\n--wpforms-button-size-margin-top: 10px;\n\t\t\t}\n\t\t\t<\/style><div class=\"wpforms-container wpforms-container-full wpforms-block wpforms-block-e6b996fc-b757-4773-b921-0f2ea9772ba0 wpforms-render-modern\" id=\"wpforms-683\"><form id=\"wpforms-form-683\" class=\"wpforms-validate wpforms-form wpforms-ajax-form\" data-formid=\"683\" method=\"post\" enctype=\"multipart\/form-data\" action=\"\/blog\/wp-json\/wp\/v2\/pages\/362\" data-token=\"5fd3df40c0d83b1a981a91c9de5b31f2\" data-token-time=\"1777452019\"><div class=\"wpforms-head-container\"><div class=\"wpforms-title\">Recibe por mail o whatsapp las pr\u00f3ximas propuestas de Arte Neural<\/div><\/div><noscript class=\"wpforms-error-noscript\">Por favor, activa JavaScript en tu navegador para completar este formulario.<\/noscript><div id=\"wpforms-error-noscript\" style=\"display: none;\">Por favor, activa JavaScript en tu navegador para completar este formulario.<\/div><div class=\"wpforms-field-container\"><div id=\"wpforms-683-field_1-container\" class=\"wpforms-field wpforms-field-name\" data-field-id=\"1\"><fieldset><legend class=\"wpforms-field-label\">Ind\u00edcame tu nombre \ud83d\ude42 <span class=\"wpforms-required-label\" aria-hidden=\"true\">*<\/span><\/legend><div class=\"wpforms-field-row wpforms-field-medium\"><div class=\"wpforms-field-row-block wpforms-first wpforms-one-half\"><input type=\"text\" id=\"wpforms-683-field_1\" class=\"wpforms-field-name-first wpforms-field-required\" name=\"wpforms[fields][1][first]\" aria-errormessage=\"wpforms-683-field_1-error\" required><label for=\"wpforms-683-field_1\" class=\"wpforms-field-sublabel after\">Nombre<\/label><\/div><div class=\"wpforms-field-row-block wpforms-one-half\"><input type=\"text\" id=\"wpforms-683-field_1-last\" class=\"wpforms-field-name-last wpforms-field-required\" name=\"wpforms[fields][1][last]\" aria-errormessage=\"wpforms-683-field_1-last-error\" required><label for=\"wpforms-683-field_1-last\" class=\"wpforms-field-sublabel after\">Apellidos<\/label><\/div><\/div><\/fieldset><\/div><div id=\"wpforms-683-field_26-container\" class=\"wpforms-field wpforms-field-text\" data-field-id=\"26\"><label class=\"wpforms-field-label\" for=\"wpforms-683-field_26\">Facil\u00edtame tu m\u00f3vil si quieres que te contacte por whatsapp<\/label><input type=\"text\" id=\"wpforms-683-field_26\" class=\"wpforms-field-medium\" name=\"wpforms[fields][26]\" aria-errormessage=\"wpforms-683-field_26-error\" ><\/div>\t\t<div id=\"wpforms-683-field_2-container\"\n\t\t\tclass=\"wpforms-field wpforms-field-text\"\n\t\t\tdata-field-type=\"text\"\n\t\t\tdata-field-id=\"2\"\n\t\t\t>\n\t\t\t<label class=\"wpforms-field-label\" for=\"wpforms-683-field_2\" >pr\u00f3ximos por haber<\/label>\n\t\t\t<input type=\"text\" id=\"wpforms-683-field_2\" class=\"wpforms-field-medium\" name=\"wpforms[fields][2]\" >\n\t\t<\/div>\n\t\t<div id=\"wpforms-683-field_35-container\" class=\"wpforms-field wpforms-field-email\" data-field-id=\"35\"><label class=\"wpforms-field-label\" for=\"wpforms-683-field_35\">Ind\u00edcame tu correo electr\u00f3nico si quieres que te env\u00ede la informaci\u00f3n por mail<\/label><input type=\"email\" id=\"wpforms-683-field_35\" class=\"wpforms-field-medium\" name=\"wpforms[fields][35]\" spellcheck=\"false\" aria-errormessage=\"wpforms-683-field_35-error\" ><\/div><div id=\"wpforms-683-field_36-container\" class=\"wpforms-field wpforms-field-checkbox\" data-field-id=\"36\"><fieldset><legend class=\"wpforms-field-label\">\u00bfPor qu\u00e9 v\u00eda quieres recibir la informaci\u00f3n de pr\u00f3ximos talleres o eventos? (recuerda haber dejado tus datos en la casilla correspondiente). <span class=\"wpforms-required-label\" aria-hidden=\"true\">*<\/span><\/legend><ul id=\"wpforms-683-field_36\" class=\"wpforms-field-required\"><li class=\"choice-1 depth-1\"><input type=\"checkbox\" id=\"wpforms-683-field_36_1\" name=\"wpforms[fields][36][]\" value=\"A trav\u00e9s de whatsapp.\" aria-errormessage=\"wpforms-683-field_36_1-error\" aria-describedby=\"wpforms-683-field_36-description\" required ><label class=\"wpforms-field-label-inline\" for=\"wpforms-683-field_36_1\">A trav\u00e9s de whatsapp.<\/label><\/li><li class=\"choice-2 depth-1\"><input type=\"checkbox\" id=\"wpforms-683-field_36_2\" name=\"wpforms[fields][36][]\" value=\"A trav\u00e9s de correo electr\u00f3nico\" aria-errormessage=\"wpforms-683-field_36_2-error\" aria-describedby=\"wpforms-683-field_36-description\" required ><label class=\"wpforms-field-label-inline\" for=\"wpforms-683-field_36_2\">A trav\u00e9s de correo electr\u00f3nico<\/label><\/li><li class=\"choice-4 depth-1\"><input type=\"checkbox\" id=\"wpforms-683-field_36_4\" name=\"wpforms[fields][36][]\" value=\"A trav\u00e9s de ambas v\u00edas.\" aria-errormessage=\"wpforms-683-field_36_4-error\" aria-describedby=\"wpforms-683-field_36-description\" required ><label class=\"wpforms-field-label-inline\" for=\"wpforms-683-field_36_4\">A trav\u00e9s de ambas v\u00edas.<\/label><\/li><\/ul><div id=\"wpforms-683-field_36-description\" class=\"wpforms-field-description\">Respecto a la v\u00eda de WHATSAPP, recibir\u00e1s un texto y\/o imagen con la informaci\u00f3n de fecha y hora de la siguiente convocatoria en un chat individualizado de whatsapp. Para dejar de recibirlos, con que lo indiques simplemente por mensaje en el mismo chat (\u00abdejar de recibir esta informaci\u00f3n\u00bb, por ejemplo), no los volver\u00e1s a recibir.\nEn el caso de la v\u00eda de CORREO ELECTR\u00d3NICO, recibir\u00e1s un mail con las propuestas por las que est\u00e9s interesad@. Podr\u00e1s darte de baja respondiendo a cualquiera de los correos con el asunto &#8216;Baja&#8217;, o enviando un correo a miarteneural@gmail.com indicando &#8216;Baja&#8217;.<\/div><\/fieldset><\/div><div id=\"wpforms-683-field_25-container\" class=\"wpforms-field wpforms-field-checkbox wpforms-list-inline\" data-field-id=\"25\"><fieldset><legend class=\"wpforms-field-label\">Tratamiento de datos personales <span class=\"wpforms-required-label\" aria-hidden=\"true\">*<\/span><\/legend><ul id=\"wpforms-683-field_25\" class=\"wpforms-field-required wpforms-icon-choices wpforms-icon-choices-none wpforms-icon-choices-small\" style=\"--wpforms-icon-choices-color: #faac0f;\"><li class=\"choice-1 depth-1 wpforms-icon-choices-item\"><label class=\"wpforms-field-label-inline\" for=\"wpforms-683-field_25_1\">\n\t\t\t\t<span class=\"wpforms-icon-choices-icon\">\n\t\t\t\t\t<svg xmlns=\"http:\/\/www.w3.org\/2000\/svg\" width=\"40\" height=\"32\" viewBox=\"0 0 512 512\"><!--! Font Awesome Free 6.4.0 by @fontawesome - https:\/\/fontawesome.com License - https:\/\/fontawesome.com\/license\/free (Icons: CC BY 4.0, Fonts: SIL OFL 1.1, Code: MIT License) Copyright 2023 Fonticons, Inc. --><path d=\"M464 256A208 208 0 1 0 48 256a208 208 0 1 0 416 0zM0 256a256 256 0 1 1 512 0A256 256 0 1 1 0 256zm177.6 62.1C192.8 334.5 218.8 352 256 352s63.2-17.5 78.4-33.9c9-9.7 24.2-10.4 33.9-1.4s10.4 24.2 1.4 33.9c-22 23.8-60 49.4-113.6 49.4s-91.7-25.5-113.6-49.4c-9-9.7-8.4-24.9 1.4-33.9s24.9-8.4 33.9 1.4zM144.4 208a32 32 0 1 1 64 0 32 32 0 1 1 -64 0zm192-32a32 32 0 1 1 0 64 32 32 0 1 1 0-64z\"\/><\/svg>\n\t\t\t\t\t<span class=\"wpforms-icon-choices-icon-bg\"><\/span>\n\t\t\t\t<\/span>\n\t\t\t\t<input type=\"checkbox\" id=\"wpforms-683-field_25_1\" name=\"wpforms[fields][25][]\" value=\"Acepto\" aria-errormessage=\"wpforms-683-field_25_1-error\" aria-describedby=\"wpforms-683-field_25-description\" required >\n\t\t\t\t<span class=\"wpforms-icon-choices-label\">Acepto<\/span>\n\t\t\t<\/label><\/li><\/ul><div id=\"wpforms-683-field_25-description\" class=\"wpforms-field-description\">Para poder ofrecerte mis servicios y mantenerme en contacto contigo, necesito una serie de datos como tel\u00e9fono, email o nombre. Acepta este tratamiento de datos personales conforme a la normativa de protecci\u00f3n de datos, en cumplimiento con el Reglamento (UE) 2016\/679 del Parlamento Europeo y del Consejo, de 27 de abril de 2016 (Reglamento General de Protecci\u00f3n de Datos, RGPD) y la Ley Org\u00e1nica 3\/2018, de 5 de diciembre, de Protecci\u00f3n de Datos Personales y garant\u00eda de los derechos digitales (LOPDGDD). Puedes retirar tu consentimiento en cualquier momento. Para m\u00e1s informaci\u00f3n, por favor consulta la pol\u00edtica de privacidad.<\/div><\/fieldset><\/div><script>\n\t\t\t\t( function() {\n\t\t\t\t\tconst style = document.createElement( 'style' );\n\t\t\t\t\tstyle.appendChild( document.createTextNode( '#wpforms-683-field_2-container { position: absolute !important; overflow: hidden !important; display: inline !important; height: 1px !important; width: 1px !important; z-index: -1000 !important; padding: 0 !important; } #wpforms-683-field_2-container input { visibility: hidden; } #wpforms-conversational-form-page #wpforms-683-field_2-container label { counter-increment: none; }' ) );\n\t\t\t\t\tdocument.head.appendChild( style );\n\t\t\t\t\tdocument.currentScript?.remove();\n\t\t\t\t} )();\n\t\t\t<\/script><\/div><!-- .wpforms-field-container --><div class=\"wpforms-recaptcha-container wpforms-is-recaptcha wpforms-is-recaptcha-type-v2\" ><div class=\"g-recaptcha\" data-sitekey=\"6LdmZV8qAAAAAMNMhMc8F4QcVsrb44rHMPUY7f3W\"><\/div><input type=\"text\" name=\"g-recaptcha-hidden\" class=\"wpforms-recaptcha-hidden\" style=\"position:absolute!important;clip:rect(0,0,0,0)!important;height:1px!important;width:1px!important;border:0!important;overflow:hidden!important;padding:0!important;margin:0!important;\" data-rule-recaptcha=\"1\"><\/div><div class=\"wpforms-submit-container\" ><input type=\"hidden\" name=\"wpforms[id]\" value=\"683\"><input type=\"hidden\" name=\"page_title\" value=\"\"><input type=\"hidden\" name=\"page_url\" value=\"https:\/\/arteneura.dreamify.love\/blog\/wp-json\/wp\/v2\/pages\/362\"><input type=\"hidden\" name=\"url_referer\" value=\"\"><button type=\"submit\" name=\"wpforms[submit]\" id=\"wpforms-submit-683\" class=\"wpforms-submit\" data-alt-text=\"Marchando...\" data-submit-text=\"Enviar\" aria-live=\"assertive\" value=\"wpforms-submit\">Enviar<\/button><img loading=\"lazy\" decoding=\"async\" src=\"https:\/\/arteneura.dreamify.love\/blog\/wp-content\/plugins\/wpforms-lite\/assets\/images\/submit-spin.svg\" class=\"wpforms-submit-spinner\" style=\"display: none;\" width=\"26\" height=\"26\" alt=\"Cargando\"><\/div><\/form><\/div>  <!-- .wpforms-container --><\/div>\n<\/div>\n\n\n\n<div style=\"height:21px\" aria-hidden=\"true\" class=\"wp-block-spacer\"><\/div>\n<\/div><\/div>\n\n\n\n<p><\/p>\n","protected":false},"excerpt":{"rendered":"<p>Transf\u00f3rmate. \u00c1brete a tu Metamorfosis. Bienvenid@ a ti mism@. No necesitas nada porque todo ya es en ti. Ahora, si puede venirte bien una mano para darte cuenta de ello, cuenta conmigo.<\/p>\n","protected":false},"author":1,"featured_media":263,"parent":0,"menu_order":0,"comment_status":"closed","ping_status":"closed","template":"","meta":{"_monsterinsights_skip_tracking":false,"_monsterinsights_sitenote_active":false,"_monsterinsights_sitenote_note":"","_monsterinsights_sitenote_category":0,"_uf_show_specific_survey":0,"_uf_disable_surveys":false,"footnotes":""},"categories":[],"tags":[],"class_list":["post-362","page","type-page","status-publish","has-post-thumbnail","hentry"],"_links":{"self":[{"href":"https:\/\/arteneura.dreamify.love\/blog\/wp-json\/wp\/v2\/pages\/362","targetHints":{"allow":["GET"]}}],"collection":[{"href":"https:\/\/arteneura.dreamify.love\/blog\/wp-json\/wp\/v2\/pages"}],"about":[{"href":"https:\/\/arteneura.dreamify.love\/blog\/wp-json\/wp\/v2\/types\/page"}],"author":[{"embeddable":true,"href":"https:\/\/arteneura.dreamify.love\/blog\/wp-json\/wp\/v2\/users\/1"}],"replies":[{"embeddable":true,"href":"https:\/\/arteneura.dreamify.love\/blog\/wp-json\/wp\/v2\/comments?post=362"}],"version-history":[{"count":36,"href":"https:\/\/arteneura.dreamify.love\/blog\/wp-json\/wp\/v2\/pages\/362\/revisions"}],"predecessor-version":[{"id":720,"href":"https:\/\/arteneura.dreamify.love\/blog\/wp-json\/wp\/v2\/pages\/362\/revisions\/720"}],"wp:featuredmedia":[{"embeddable":true,"href":"https:\/\/arteneura.dreamify.love\/blog\/wp-json\/wp\/v2\/media\/263"}],"wp:attachment":[{"href":"https:\/\/arteneura.dreamify.love\/blog\/wp-json\/wp\/v2\/media?parent=362"}],"wp:term":[{"taxonomy":"category","embeddable":true,"href":"https:\/\/arteneura.dreamify.love\/blog\/wp-json\/wp\/v2\/categories?post=362"},{"taxonomy":"post_tag","embeddable":true,"href":"https:\/\/arteneura.dreamify.love\/blog\/wp-json\/wp\/v2\/tags?post=362"}],"curies":[{"name":"wp","href":"https:\/\/api.w.org\/{rel}","templated":true}]}}