{"id":60,"date":"2024-09-22T19:09:34","date_gmt":"2024-09-22T18:09:34","guid":{"rendered":"https:\/\/arteneural.net\/?page_id=60"},"modified":"2024-09-22T19:09:35","modified_gmt":"2024-09-22T18:09:35","slug":"quien-soy","status":"publish","type":"page","link":"https:\/\/arteneura.dreamify.love\/blog\/quien-soy\/","title":{"rendered":"Qui\u00e9n soy"},"content":{"rendered":"\r\n<p><strong>Mi camino profesional<\/strong><\/p>\r\n\r\n\r\n\r\n<p>Me llamo Manuel R. V\u00e1squez Ortega, soy Psic\u00f3logo con Menci\u00f3n en Psicolog\u00eda de la Salud e Intervenci\u00f3n en Trastornos Mentales y del Comportamiento (UNED), Terapeuta Gestalt y miembro adherente de la <a href=\"http:\/\/aetg.es\/\" target=\"_blank\" rel=\"noreferrer noopener\">Asociaci\u00f3n Espa\u00f1ola de Terapia Gestalt<\/a> (AETG), Coach Wingwave, con especializaci\u00f3n en wingwave online (Instituto Besser-Sigmund), trabajo sist\u00e9mico y constelaciones con wingwave (Institut Gestalt), wingwave para grupos y formaci\u00f3n profesional, y para sistemas exitosos (Symbiotik Institut); soy Terapeuta EMDR (Anabel Gonz\u00e1lez, Instituto Imaya) y Terapeuta Capacitado para la Terapia LNT (La Nueva Terapia).<\/p>\r\n\r\n\r\n\r\n<p>La base del acompa\u00f1amiento que ofrezco es la actitud gest\u00e1ltica, corriente terap\u00e9utica humanista que transform\u00f3 mi vida, y en la que me form\u00e9 a trav\u00e9s de la <a href=\"http:\/\/www.gestaltmadrid.com\/\" target=\"_blank\" rel=\"noreferrer noopener\">Escuela Madrile\u00f1a de Terapia Gestalt<\/a>, una de las escuelas m\u00e1s antiguas en Espa\u00f1a. Pertenezco a la promoci\u00f3n XV (2004-2007), y m\u00e1s recientemente fui tutor de la promoci\u00f3n XXVII (2016-2019). Mi inter\u00e9s y aprendizaje a trav\u00e9s del enfoque gest\u00e1ltico ha continuado v\u00eda la psicoterapia integrativa y psicolog\u00eda de los eneatipos del <a href=\"http:\/\/www.programasat.com\/\" target=\"_blank\" rel=\"noreferrer noopener\">Programa SAT<\/a> (2005-2009), creado por <strong>Claudio Naranjo<\/strong>, un programa de profundo autoconocimiento, tanto respecto a la esencia del ser y al mapa de la neurosis como respecto a experiencias reparadoras; los postgrados de <em>Creatividad<\/em> (2008-2010) y <em>An\u00e1lisis de Procesos Grupales<\/em> con <strong>Paco Pe\u00f1arrubia<\/strong>; y la combinaci\u00f3n de la Terapia Gestalt con el acto creativo a trav\u00e9s del teatro (<em>Teatro para Interesados, <\/em><strong>Catalina Llad\u00f3<\/strong>) y la escritura expresiva (<em>Escribi\u00e9ndome<\/em>, <a href=\"http:\/\/escribientes.es\/\" target=\"_blank\" rel=\"noreferrer noopener\"><strong>Maris\u00e9 Barreiro<\/strong><\/a>). M\u00e1s recientemente, he incorporado el enfoque hol\u00edstico de la salud del cuerpo en combinaci\u00f3n con t\u00e9cnicas gest\u00e1lticas que configur\u00f3 <strong>Nana Schnake<\/strong>, los <em>Di\u00e1logos Gest\u00e1lticos con el Cuerpo<\/em> (2019), impartido por <strong>Mar\u00eda Teresa Broussain<\/strong> (Ven y crece). La formaci\u00f3n en <em>Psicolog\u00eda Evolutiva aplicada a la Gestalt<\/em> (<a href=\"http:\/\/umayquipae.com\/\">UmayQuipa<\/a>, 2017) aport\u00f3 un marco de conocimiento desde el que enfocar mi acompa\u00f1amiento terap\u00e9utico a ni\u00f1xs y adolescentes, acompa\u00f1amiento que no ser\u00eda lo mismo sin la referencia profesional y humana de <a href=\"https:\/\/www.anankhe.es\/marga-de-la-torre\"><strong>Marga de la Torre<\/strong><\/a>, psic\u00f3loga y terapeuta Gestalt especialista en terapia infantil y adolescente (equipo <a href=\"https:\/\/www.anankhe.es\/\">Anankh\u00e9<\/a>).<\/p>\r\n\r\n\r\n\r\n<p>Al margen de la Terapia Gestalt, menciono ahora otras experiencias transformadoras y formaciones que han tenido y tienen un impacto muy significativo en m\u00ed, y por tanto tambi\u00e9n en mi forma de acompa\u00f1ar procesos terap\u00e9uticos. La importancia de sanar las relaciones parentales y la etapa de la infancia en la b\u00fasqueda del bienestar integral me llev\u00f3 en 2014 a realizar el <em>Proceso Hoffman de la Cuadrinidad<\/em>, con el\u00a0<a href=\"http:\/\/www.institutohoffman.com\/\" target=\"_blank\" rel=\"noreferrer noopener\">Instituto Hoffman<\/a> (dirigido por <strong>Luis Fernando C\u00e1mara<\/strong>), experiencia que supuso un punto de inflexi\u00f3n en la relaci\u00f3n con mi familia, y me permiti\u00f3 profundizar en el bienestar interior.<\/p>\r\n\r\n\r\n\r\n<p>Una de las herramientas a las que m\u00e1s atenci\u00f3n e importancia estoy dando en los \u00faltimos a\u00f1os es a la <em>Comunicaci\u00f3n No Violenta<\/em>, en la cual estoy form\u00e1ndome a trav\u00e9s del <a href=\"https:\/\/www.comunicacionnoviolenta.com\/\" target=\"_blank\" rel=\"noreferrer noopener\">Instituto de Comunicaci\u00f3n No Violenta<\/a>, dirigido por <a href=\"https:\/\/www.comunicacionnoviolenta.com\/nosotros\/\" target=\"_blank\" rel=\"noreferrer noopener\"><strong>Pilar de la Torre<\/strong><\/a>, quien es para m\u00ed una fuente de inspiraci\u00f3n por su coherencia, compromiso con el trabajo y cuidado en el trato.<\/p>\r\n\r\n\r\n\r\n<p>Y la t\u00e9cnica que ha supuesto para m\u00ed una revoluci\u00f3n en el acompa\u00f1amiento del estr\u00e9s cotidiano, bloqueos emocionales, actitudinales y caracteriales, as\u00ed como eventos traum\u00e1ticos simples, es el <a href=\"https:\/\/wingwave.com\/es\/\"><em>Coaching Wingwave<\/em><\/a> (2019), herramienta de impacto profundo y eficaz en la liberaci\u00f3n de estr\u00e9s, as\u00ed como en el trabajo con heridas emocionales bien arraigadas. Un abordaje neurofisiol\u00f3gico que personal y profesionalmente me est\u00e1 otorgando mucha satisfacci\u00f3n, y por el cual siento un gran reconocimiento y gratitud hacia sus creadores, <a href=\"https:\/\/besser-siegmund.de\/erfolge-bewegen.html\"><strong>Cora Besser<\/strong> y Harry Siegmund<\/a>; sentir que extiendo a <strong>Oriol Bell\u00e9s<\/strong> (<a href=\"https:\/\/www.institutgestalt.com\/\">Institut Gestalt<\/a>), por el cual dispongo de las herramientas para potenciar la reparaci\u00f3n de procesos sist\u00e9micos con la ayuda del m\u00e9todo wingwave (<em>Wingwave sist\u00e9mico<\/em>, 2020). Tambi\u00e9n con Oriol y <strong>Aina Oliv\u00e9<\/strong> (<a href=\"https:\/\/symbiotikinstitut.com\/\">Symbiotik Institut<\/a>) aprend\u00ed a extender las aplicaciones de wingwave a grupos y a formaciones profesionales (<em>Wingwave training<\/em>, 2021), y m\u00e1s recientemente a facilitar el bienestar en nuestro mundo interno y en entornos de equipo, as\u00ed como a promover la potencialidad y el \u00e9xito (<em>Wingwave Master<\/em> <em>I y II<\/em>, 2022, 2023) de la mano de <strong>Lola Ananda Siegmund<\/strong>.<\/p>\r\n\r\n\r\n\r\n<p>Otra de las v\u00edas en las que vengo profundizando en los \u00faltimos a\u00f1os es en la <em>terapia EMDR<\/em>, con la que he aprendido a poner m\u00e1s luz a la delicadeza y visi\u00f3n que requiere el acompa\u00f1amiento al trauma de desarrollo y trauma complejo, y de la que me form\u00e9 con <a href=\"https:\/\/anabelgonzalez.es\/\"><strong>Anabel Gonz\u00e1lez<\/strong><\/a> (<a href=\"https:\/\/institutoimaya.com\/\">Instituto Imaya<\/a>, 2021 &#8211; 2022), manteniendo una formaci\u00f3n continuada a trav\u00e9s de la <a href=\"https:\/\/emdr-es.org\/\">Asociaci\u00f3n EMDR Espa\u00f1a<\/a>.<\/p>\r\n\r\n\r\n\r\n<p>Por \u00faltimo, menciono un enfoque completamente distinto, el energ\u00e9tico, que me permite desde 2022 acompa\u00f1ar procesos de trauma y sus manifestaciones som\u00e1ticas como Terapeuta Capacitado en la <em>terapia LNT<\/em> (<a href=\"https:\/\/www.lanuevaterapia.com\/\">La Nueva Terapia<\/a>, 2022), con <strong>Philippe y Romain Schiwiderski<\/strong>.<\/p>\r\n\r\n\r\n\r\n<p><strong>Mi proceso personal<\/strong><\/p>\r\n\r\n\r\n\r\n<p>De siempre he sido un explorador de la comunicaci\u00f3n. Primero, entre personas; luego, en grupos; m\u00e1s adelante, a nivel social, con la titulaci\u00f3n en Periodismo. Y finalmente me he centrado en la comunicaci\u00f3n con unx mismx, para descubrir lo sutil y f\u00e1cil que es no ser claro conmigo, y desde ah\u00ed no poder ser claro con lxs dem\u00e1s.<\/p>\r\n\r\n\r\n\r\n<p>Mi proceso terap\u00e9utico, basado principalmente en la terapia Gestalt, ha supuesto poder soltar mucho peso, en forma de rigideces, demandas y dependencias que no ten\u00edan que ver con lo real, sino con una idea falsa de lo que necesito en la vida. O quiz\u00e1, m\u00e1s bien, la idea falsa de que no necesito. Romper y reconocer las fijaciones que tengo en mi mente me ha permitido contactar con el dolor, con las heridas emocionales que en su momento intent\u00e9 salvar de una manera que me permiti\u00f3 seguir viviendo, o m\u00e1s bien \u201csobreviviendo\u201d, pero sin dejar que se limpiaran y sanaran. De aquella tirita, esta gangrena.<\/p>\r\n\r\n\r\n\r\n<p>Ahora acompa\u00f1o a otras personas a poder ponerse en contacto consigo mismas, reconocerse en su virtud genuina y en su aspecto neur\u00f3tico, potenciar sus esencias, cuestionar sus aspectos falsos y ayudarlas a recuperar vitalidad y que puedan ser m\u00e1s cuidadosas con su vulnerabilidad. S\u00f3lo as\u00ed podr\u00e1n seguir en la vida con un mayor compromiso y disfrute, eligiendo la actitud y direcci\u00f3n que toman, y enriqueci\u00e9ndose y disfrutando con el camino que se les presente.<\/p>\r\n\r\n\r\n\r\n<p>Acompa\u00f1o, entre otros procesos:<\/p>\r\n\r\n\r\n\r\n<p>&#8211; duelos<\/p>\r\n\r\n\r\n\r\n<p>&#8211; depresi\u00f3n<\/p>\r\n\r\n\r\n\r\n<p>&#8211; estr\u00e9s, ansiedad y bloqueos surgidos en la situaci\u00f3n pand\u00e9mica<\/p>\r\n\r\n\r\n\r\n<p>&#8211; estr\u00e9s por trauma simple y trauma complejo<\/p>\r\n\r\n\r\n\r\n<p>&#8211; crisis de pareja<\/p>\r\n\r\n\r\n\r\n<p>&#8211; relaciones paterno\/maternofiliales<\/p>\r\n\r\n\r\n\r\n<p>&#8211; trabajo sist\u00e9mico en sesiones individuales<\/p>\r\n\r\n\r\n\r\n<p>&#8211; conflictos con\/por la orientaci\u00f3n sexual<\/p>\r\n\r\n\r\n\r\n<p>&#8211; crisis vitales<\/p>\r\n\r\n\r\n\r\n<p>&#8211; bloqueos en el \u00e1mbito profesional<\/p>\r\n\r\n\r\n\r\n<p>&#8211; desarrollo de recursos emocionales y creencias posibilitadoras para el emprendimiento<\/p>\r\n\r\n\r\n\r\n<p>&#8211; habilidades sociales<\/p>\r\n\r\n\r\n\r\n<p>&#8211; post-adolescencia, los primeros pasos en la adultez<\/p>\r\n\r\n\r\n\r\n<p>Estoy en la cuarentena, as\u00ed que si buscas una especie de Freud de barba blanca que te acoja con calidez, te podr\u00e9 ofrecer lo \u00faltimo, pero no un mar de canas (solo algunos mechones).<\/p>\r\n\r\n\r\n\r\n<p>Si te est\u00e1s preguntando si necesitas terapia, te recomiendo que leas <a href=\"http:\/\/lasilladeperls.net\/yo-necesito-terapia-gestalt\/\"><em>esta entrada<\/em><\/a>, donde me pronuncio al respecto.<\/p>\r\n\r\n\r\n\r\n<p><strong>\u00bfD\u00f3nde trabajo?<\/strong><\/p>\r\n\r\n\r\n\r\n<p>En tiempos de recogimiento por normativa mayor, \u00a1desde casa! Acompa\u00f1o procesos a trav\u00e9s de herramientas online como Zoom, Skype, Whatsapp y Messenger.<\/p>\r\n\r\n\r\n\r\n<p>En tiempos en que son posibles las consultas presenciales, trabajo en <strong>Toledo<\/strong> capital: tanto individual como grupal y talleres tem\u00e1ticos, en\u00a0el barrio de Buenavista<em>.<\/em><\/p>\r\n\r\n\r\n\r\n<p>Si est\u00e1s interesadx en iniciar un proceso introspectivo, necesitas dar un cambio en alg\u00fan aspecto de tu vida o te encuentras en una situaci\u00f3n que emocionalmente te desborda, quiero que sepas que tanto la terapia EMDR y gestalt como el coaching wingwave pueden ser de gran ayuda. Y estar\u00e9 encantado de recibirte en una primera sesi\u00f3n de toma de contacto para que me cuentes lo que quieres abordar, y yo te pueda explicar c\u00f3mo es el trabajo que planteo en mi consulta, y la manera en que lo encuadro.<\/p>\r\n\r\n\r\n\r\n<p>Para pedir una primera sesi\u00f3n, d\u00e9jame tus datos en el formulario de la derecha, y me pondr\u00e9 en contacto contigo lo antes posible, o bien a trav\u00e9s del tel\u00e9fono: <strong>669.038.740<\/strong>.<\/p>\r\n\r\n\r\n\r\n<p>\u00a1Cu\u00eddate!<\/p>\r\n","protected":false},"excerpt":{"rendered":"<p>Mi camino profesional Me llamo Manuel R. V\u00e1squez Ortega, soy Psic\u00f3logo con Menci\u00f3n en Psicolog\u00eda de la Salud e Intervenci\u00f3n en Trastornos Mentales y del Comportamiento (UNED), Terapeuta Gestalt y miembro adherente de la Asociaci\u00f3n Espa\u00f1ola de Terapia Gestalt (AETG), Coach Wingwave, con especializaci\u00f3n en wingwave online (Instituto Besser-Sigmund), trabajo sist\u00e9mico y constelaciones con wingwave [&hellip;]<\/p>\n","protected":false},"author":1,"featured_media":0,"parent":0,"menu_order":0,"comment_status":"closed","ping_status":"closed","template":"","meta":{"_monsterinsights_skip_tracking":false,"_monsterinsights_sitenote_active":false,"_monsterinsights_sitenote_note":"","_monsterinsights_sitenote_category":0,"_uf_show_specific_survey":0,"_uf_disable_surveys":false,"footnotes":""},"categories":[],"tags":[],"class_list":["post-60","page","type-page","status-publish","hentry"],"_links":{"self":[{"href":"https:\/\/arteneura.dreamify.love\/blog\/wp-json\/wp\/v2\/pages\/60","targetHints":{"allow":["GET"]}}],"collection":[{"href":"https:\/\/arteneura.dreamify.love\/blog\/wp-json\/wp\/v2\/pages"}],"about":[{"href":"https:\/\/arteneura.dreamify.love\/blog\/wp-json\/wp\/v2\/types\/page"}],"author":[{"embeddable":true,"href":"https:\/\/arteneura.dreamify.love\/blog\/wp-json\/wp\/v2\/users\/1"}],"replies":[{"embeddable":true,"href":"https:\/\/arteneura.dreamify.love\/blog\/wp-json\/wp\/v2\/comments?post=60"}],"version-history":[{"count":3,"href":"https:\/\/arteneura.dreamify.love\/blog\/wp-json\/wp\/v2\/pages\/60\/revisions"}],"predecessor-version":[{"id":265,"href":"https:\/\/arteneura.dreamify.love\/blog\/wp-json\/wp\/v2\/pages\/60\/revisions\/265"}],"wp:attachment":[{"href":"https:\/\/arteneura.dreamify.love\/blog\/wp-json\/wp\/v2\/media?parent=60"}],"wp:term":[{"taxonomy":"category","embeddable":true,"href":"https:\/\/arteneura.dreamify.love\/blog\/wp-json\/wp\/v2\/categories?post=60"},{"taxonomy":"post_tag","embeddable":true,"href":"https:\/\/arteneura.dreamify.love\/blog\/wp-json\/wp\/v2\/tags?post=60"}],"curies":[{"name":"wp","href":"https:\/\/api.w.org\/{rel}","templated":true}]}}

Quién soy

<p><strong>Mi camino profesional</strong></p>



<p>Me llamo Manuel R. Vásquez Ortega, soy Psicólogo con Mención en Psicología de la Salud e Intervención en Trastornos Mentales y del Comportamiento (UNED), Terapeuta Gestalt y miembro adherente de la <a href="http://aetg.es/" target="_blank" rel="noreferrer noopener">Asociación Española de Terapia Gestalt</a> (AETG), Coach Wingwave, con especialización en wingwave online (Instituto Besser-Sigmund), trabajo sistémico y constelaciones con wingwave (Institut Gestalt), wingwave para grupos y formación profesional, y para sistemas exitosos (Symbiotik Institut); soy Terapeuta EMDR (Anabel González, Instituto Imaya) y Terapeuta Capacitado para la Terapia LNT (La Nueva Terapia).</p>



<p>La base del acompañamiento que ofrezco es la actitud gestáltica, corriente terapéutica humanista que transformó mi vida, y en la que me formé a través de la <a href="http://www.gestaltmadrid.com/" target="_blank" rel="noreferrer noopener">Escuela Madrileña de Terapia Gestalt</a>, una de las escuelas más antiguas en España. Pertenezco a la promoción XV (2004-2007), y más recientemente fui tutor de la promoción XXVII (2016-2019). Mi interés y aprendizaje a través del enfoque gestáltico ha continuado vía la psicoterapia integrativa y psicología de los eneatipos del <a href="http://www.programasat.com/" target="_blank" rel="noreferrer noopener">Programa SAT</a> (2005-2009), creado por <strong>Claudio Naranjo</strong>, un programa de profundo autoconocimiento, tanto respecto a la esencia del ser y al mapa de la neurosis como respecto a experiencias reparadoras; los postgrados de <em>Creatividad</em> (2008-2010) y <em>Análisis de Procesos Grupales</em> con <strong>Paco Peñarrubia</strong>; y la combinación de la Terapia Gestalt con el acto creativo a través del teatro (<em>Teatro para Interesados, </em><strong>Catalina Lladó</strong>) y la escritura expresiva (<em>Escribiéndome</em>, <a href="http://escribientes.es/" target="_blank" rel="noreferrer noopener"><strong>Marisé Barreiro</strong></a>). Más recientemente, he incorporado el enfoque holístico de la salud del cuerpo en combinación con técnicas gestálticas que configuró <strong>Nana Schnake</strong>, los <em>Diálogos Gestálticos con el Cuerpo</em> (2019), impartido por <strong>María Teresa Broussain</strong> (Ven y crece). La formación en <em>Psicología Evolutiva aplicada a la Gestalt</em> (<a href="http://umayquipae.com/">UmayQuipa</a>, 2017) aportó un marco de conocimiento desde el que enfocar mi acompañamiento terapéutico a niñxs y adolescentes, acompañamiento que no sería lo mismo sin la referencia profesional y humana de <a href="https://www.anankhe.es/marga-de-la-torre"><strong>Marga de la Torre</strong></a>, psicóloga y terapeuta Gestalt especialista en terapia infantil y adolescente (equipo <a href="https://www.anankhe.es/">Anankhé</a>).</p>



<p>Al margen de la Terapia Gestalt, menciono ahora otras experiencias transformadoras y formaciones que han tenido y tienen un impacto muy significativo en mí, y por tanto también en mi forma de acompañar procesos terapéuticos. La importancia de sanar las relaciones parentales y la etapa de la infancia en la búsqueda del bienestar integral me llevó en 2014 a realizar el <em>Proceso Hoffman de la Cuadrinidad</em>, con el <a href="http://www.institutohoffman.com/" target="_blank" rel="noreferrer noopener">Instituto Hoffman</a> (dirigido por <strong>Luis Fernando Cámara</strong>), experiencia que supuso un punto de inflexión en la relación con mi familia, y me permitió profundizar en el bienestar interior.</p>



<p>Una de las herramientas a las que más atención e importancia estoy dando en los últimos años es a la <em>Comunicación No Violenta</em>, en la cual estoy formándome a través del <a href="https://www.comunicacionnoviolenta.com/" target="_blank" rel="noreferrer noopener">Instituto de Comunicación No Violenta</a>, dirigido por <a href="https://www.comunicacionnoviolenta.com/nosotros/" target="_blank" rel="noreferrer noopener"><strong>Pilar de la Torre</strong></a>, quien es para mí una fuente de inspiración por su coherencia, compromiso con el trabajo y cuidado en el trato.</p>



<p>Y la técnica que ha supuesto para mí una revolución en el acompañamiento del estrés cotidiano, bloqueos emocionales, actitudinales y caracteriales, así como eventos traumáticos simples, es el <a href="https://wingwave.com/es/"><em>Coaching Wingwave</em></a> (2019), herramienta de impacto profundo y eficaz en la liberación de estrés, así como en el trabajo con heridas emocionales bien arraigadas. Un abordaje neurofisiológico que personal y profesionalmente me está otorgando mucha satisfacción, y por el cual siento un gran reconocimiento y gratitud hacia sus creadores, <a href="https://besser-siegmund.de/erfolge-bewegen.html"><strong>Cora Besser</strong> y Harry Siegmund</a>; sentir que extiendo a <strong>Oriol Bellés</strong> (<a href="https://www.institutgestalt.com/">Institut Gestalt</a>), por el cual dispongo de las herramientas para potenciar la reparación de procesos sistémicos con la ayuda del método wingwave (<em>Wingwave sistémico</em>, 2020). También con Oriol y <strong>Aina Olivé</strong> (<a href="https://symbiotikinstitut.com/">Symbiotik Institut</a>) aprendí a extender las aplicaciones de wingwave a grupos y a formaciones profesionales (<em>Wingwave training</em>, 2021), y más recientemente a facilitar el bienestar en nuestro mundo interno y en entornos de equipo, así como a promover la potencialidad y el éxito (<em>Wingwave Master</em> <em>I y II</em>, 2022, 2023) de la mano de <strong>Lola Ananda Siegmund</strong>.</p>



<p>Otra de las vías en las que vengo profundizando en los últimos años es en la <em>terapia EMDR</em>, con la que he aprendido a poner más luz a la delicadeza y visión que requiere el acompañamiento al trauma de desarrollo y trauma complejo, y de la que me formé con <a href="https://anabelgonzalez.es/"><strong>Anabel González</strong></a> (<a href="https://institutoimaya.com/">Instituto Imaya</a>, 2021 &#8211; 2022), manteniendo una formación continuada a través de la <a href="https://emdr-es.org/">Asociación EMDR España</a>.</p>



<p>Por último, menciono un enfoque completamente distinto, el energético, que me permite desde 2022 acompañar procesos de trauma y sus manifestaciones somáticas como Terapeuta Capacitado en la <em>terapia LNT</em> (<a href="https://www.lanuevaterapia.com/">La Nueva Terapia</a>, 2022), con <strong>Philippe y Romain Schiwiderski</strong>.</p>



<p><strong>Mi proceso personal</strong></p>



<p>De siempre he sido un explorador de la comunicación. Primero, entre personas; luego, en grupos; más adelante, a nivel social, con la titulación en Periodismo. Y finalmente me he centrado en la comunicación con unx mismx, para descubrir lo sutil y fácil que es no ser claro conmigo, y desde ahí no poder ser claro con lxs demás.</p>



<p>Mi proceso terapéutico, basado principalmente en la terapia Gestalt, ha supuesto poder soltar mucho peso, en forma de rigideces, demandas y dependencias que no tenían que ver con lo real, sino con una idea falsa de lo que necesito en la vida. O quizá, más bien, la idea falsa de que no necesito. Romper y reconocer las fijaciones que tengo en mi mente me ha permitido contactar con el dolor, con las heridas emocionales que en su momento intenté salvar de una manera que me permitió seguir viviendo, o más bien “sobreviviendo”, pero sin dejar que se limpiaran y sanaran. De aquella tirita, esta gangrena.</p>



<p>Ahora acompaño a otras personas a poder ponerse en contacto consigo mismas, reconocerse en su virtud genuina y en su aspecto neurótico, potenciar sus esencias, cuestionar sus aspectos falsos y ayudarlas a recuperar vitalidad y que puedan ser más cuidadosas con su vulnerabilidad. Sólo así podrán seguir en la vida con un mayor compromiso y disfrute, eligiendo la actitud y dirección que toman, y enriqueciéndose y disfrutando con el camino que se les presente.</p>



<p>Acompaño, entre otros procesos:</p>



<p>&#8211; duelos</p>



<p>&#8211; depresión</p>



<p>&#8211; estrés, ansiedad y bloqueos surgidos en la situación pandémica</p>



<p>&#8211; estrés por trauma simple y trauma complejo</p>



<p>&#8211; crisis de pareja</p>



<p>&#8211; relaciones paterno/maternofiliales</p>



<p>&#8211; trabajo sistémico en sesiones individuales</p>



<p>&#8211; conflictos con/por la orientación sexual</p>



<p>&#8211; crisis vitales</p>



<p>&#8211; bloqueos en el ámbito profesional</p>



<p>&#8211; desarrollo de recursos emocionales y creencias posibilitadoras para el emprendimiento</p>



<p>&#8211; habilidades sociales</p>



<p>&#8211; post-adolescencia, los primeros pasos en la adultez</p>



<p>Estoy en la cuarentena, así que si buscas una especie de Freud de barba blanca que te acoja con calidez, te podré ofrecer lo último, pero no un mar de canas (solo algunos mechones).</p>



<p>Si te estás preguntando si necesitas terapia, te recomiendo que leas <a href="http://lasilladeperls.net/yo-necesito-terapia-gestalt/"><em>esta entrada</em></a>, donde me pronuncio al respecto.</p>



<p><strong>¿Dónde trabajo?</strong></p>



<p>En tiempos de recogimiento por normativa mayor, ¡desde casa! Acompaño procesos a través de herramientas online como Zoom, Skype, Whatsapp y Messenger.</p>



<p>En tiempos en que son posibles las consultas presenciales, trabajo en <strong>Toledo</strong> capital: tanto individual como grupal y talleres temáticos, en el barrio de Buenavista<em>.</em></p>



<p>Si estás interesadx en iniciar un proceso introspectivo, necesitas dar un cambio en algún aspecto de tu vida o te encuentras en una situación que emocionalmente te desborda, quiero que sepas que tanto la terapia EMDR y gestalt como el coaching wingwave pueden ser de gran ayuda. Y estaré encantado de recibirte en una primera sesión de toma de contacto para que me cuentes lo que quieres abordar, y yo te pueda explicar cómo es el trabajo que planteo en mi consulta, y la manera en que lo encuadro.</p>



<p>Para pedir una primera sesión, déjame tus datos en el formulario de la derecha, y me pondré en contacto contigo lo antes posible, o bien a través del teléfono: <strong>669.038.740</strong>.</p>



<p>¡Cuídate!</p>

<p>Mi camino profesional Me llamo Manuel R. Vásquez Ortega, soy Psicólogo con Mención en Psicología de la Salud e Intervención en Trastornos Mentales y del Comportamiento (UNED), Terapeuta Gestalt y miembro adherente de la Asociación Española de Terapia Gestalt (AETG), Coach Wingwave, con especialización en wingwave online (Instituto Besser-Sigmund), trabajo sistémico y constelaciones con wingwave [&hellip;]</p>
